n = 55, -5*n + 64 = 3*j. List the prime factors of j.
13
Let z = 108 - 91. What are the prime factors of z?
17
Suppose 5 = 2*s + 3*s. Let m be s/(-2) + 33/2. Suppose 2*v - 5*q - m = 6, 2*v = 2*q + 16. What are the prime factors of v?
2, 3
Let i(n) = 22 + n**2 - 27*n - n**3 + 27*n. What are the prime factors of i(0)?
2, 11
Let d(z) = 2*z + 9. Let l be d(7). Let j = -9 + l. Suppose -4*h + j = h + r, 4*h - 4 = r. What are the prime factors of h?
2
Let q(v) be the third derivative of -v**6/120 + v**5/20 - v**4/12 - v**3/2 - 2*v**2. Let s be q(3). What are the prime factors of -3*(-6)/s*-1?
2
Suppose 0*l + 2 = l. Suppose l*o = 2*r + 22, 3*r = -3*o + 2*r + 17. List the prime factors of o.
7
Let n(w) = w**3 + 8*w**2 - w + 8. List the prime factors of n(-6).
2, 43
Let c(k) = k + 42. List the prime factors of c(0).
2, 3, 7
Let j(w) = 2*w**2 + 2*w - 10. What are the prime factors of j(-5)?
2, 3, 5
Let t = -1 - -1. Suppose -2*r + t = -2. Let p = 9 + r. List the prime factors of p.
2, 5
Suppose -4*w = -5*w. Let l = w + 35. What are the prime factors of l?
5, 7
Let i(h) be the third derivative of h**4/24 - 4*h**3/3 + 4*h**2. Let b be i(10). List the prime factors of b/(-2) + 1 + 18.
2, 3
Let b(x) = -2*x - 10*x - x**2 - 6 + 6*x - 2*x. What are the prime factors of b(-4)?
2, 5
Suppose -3*v = -2*q - 2*q - 187, 3*v + 5*q = 151. Suppose 19 + v = 4*j. What are the prime factors of j?
19
Suppose -m = -3*m + 36. Let l = m + -11. What are the prime factors of l?
7
Let w(d) = -d**2 - 16*d + 2. Let q = -45 - -32. List the prime factors of w(q).
41
Suppose -i = 4*q - 0*q + 50, 3*i = 4*q - 150. Let c = -36 - i. List the prime factors of c.
2, 7
Suppose 5*v - 104 = v. List the prime factors of v.
2, 13
Let m = 607 - 329. List the prime factors of m.
2, 139
Let m(n) = n**2 + 4*n + 14. What are the prime factors of m(-5)?
19
Let k = -55 - -469. What are the prime factors of k?
2, 3, 23
Suppose -33 = -k + 62. What are the prime factors of k?
5, 19
Let i = -15 + -2. Let r = i + 26. List the prime factors of r.
3
Let f = 11 + -8. Suppose -f*s = s - 88. List the prime factors of s.
2, 11
Suppose 0*u = 5*u - 25. Suppose u*s - 27 = -2*a, 0*a - 5*s + 69 = 4*a. What are the prime factors of a?
3, 7
Suppose -3*t = -37 - 35. Suppose -a + 5*a = -8, 2*a - t = -b. What are the prime factors of b?
2, 7
Suppose -120 = 12*o - 15*o. What are the prime factors of o?
2, 5
Let i be 2 + (-2 - (1 + -7)). Suppose 2*s - i = 5*s. What are the prime factors of 4 + -1 + s - -8?
3
Let v(i) = 10*i**2 - i - 1. Let l be v(-2). Suppose l = 5*j - 14. List the prime factors of j.
11
Suppose 4*c = -p - 3 + 4, 19 = 3*p - 4*c. Let i be (4/p)/((-1)/(-5)). Suppose -h = 4*g - 12 + 1, 3*g - 44 = -i*h. What are the prime factors of h?
11
Suppose -r = r - 142. What are the prime factors of r?
71
Let v be (-2)/(-5) - 51/15. Let u = -1 - v. List the prime factors of (u - -1)*16/3.
2
Suppose -33*u = -9*u - 2232. List the prime factors of u.
3, 31
Suppose b = 3*t + 2*t + 136, 4*t = 0. What are the prime factors of b?
2, 17
What are the prime factors of ((-98)/(-3))/(5/15)?
2, 7
Suppose 2 = 2*u - 0. List the prime factors of u/(3/36) - -3.
3, 5
Let w(o) = -3*o**3 - 2*o**2 + 3*o + 3. What are the prime factors of w(-4)?
151
Suppose -3*x + 409 = 13. List the prime factors of x.
2, 3, 11
Suppose -5 = 5*o - 0, -5*v - 3*o = -42. List the prime factors of 1/(-3) + 93/v.
2, 5
Let c be -1*(-2 - -3)*5. Let l = c + 10. Suppose -4*y + 0*a + 10 = 2*a, -2*y - l*a = -1. List the prime factors of y.
3
Let v be ((-21)/(-6))/(1/10). Suppose 3*j - v = 7. Suppose -3*a - 2*a + 3*n + 55 = 0, -3*a - 2*n + j = 0. List the prime factors of a.
2
Suppose -5*p + 2*b + 6 = 0, 4*p - 7*b - 15 = -2*b. Suppose p = -c + 6*c + 5. What are the prime factors of 3 - 7/(c/1)?
2, 5
Let i(o) = o - 34. Let q be i(0). Let z = -15 - q. List the prime factors of z.
19
Let i(g) = -g**2 + 9*g - 4. List the prime factors of i(6).
2, 7
Let a be (0 - 1) + (-48)/(-8). Suppose 0 = -u - m + 11, m = 3*u + 3*m - 29. Let z = a + u. What are the prime factors of z?
2, 3
Let v = -79 - -131. What are the prime factors of v?
2, 13
Let r = -49 - -117. List the prime factors of r.
2, 17
Let g(d) = 5*d**2 - 3*d - 34. List the prime factors of g(-7).
2, 29
Let z = 137 + -86. What are the prime factors of z?
3, 17
Suppose 3*v - 2 = 7. Suppose -v*m - 34 = -5*g, 0*g + g = m + 8. What are the prime factors of g?
5
Suppose -l = -5*l + 184. List the prime factors of l.
2, 23
Let w(k) = -11*k + 10. Let v be w(8). Let o be v/(-4)*(-4)/(-6). Let a = o - 7. List the prime factors of a.
2, 3
Suppose 2*n - 124 = 116. Suppose 4*w + 39 = 3*h + n, -3*h = -15. Let k = w + -14. List the prime factors of k.
2, 5
Let u(n) = -26*n - 5. List the prime factors of u(-2).
47
Suppose b = g - 1, -2*b + 2 = -b. Let h = g - -2. What are the prime factors of h?
5
What are the prime factors of -3 - 32/(-12)*6?
13
Let q(u) be the first derivative of u**2/2 - 3. Let g be -9*(-2)/(6*1). What are the prime factors of q(g)?
3
Let f(u) = u**3 + 10*u**2 + 4*u + 24. List the prime factors of f(-5).
3, 43
What are the prime factors of 54 - (-2)/((-6)/9)?
3, 17
Let u = -11 - -7. Let g(i) = 7*i**2 + 19*i + 5. Let r(w) = -3*w**2 - 9*w - 3. Let v(a) = u*g(a) - 9*r(a). List the prime factors of v(5).
7
What are the prime factors of 7/((-21)/(-2))*3?
2
Suppose -2*f + 107 = 2*n - f, 4*n + 5*f = 223. List the prime factors of n.
2, 13
Let c(h) = h**3 + 13*h**2 + 10*h - 18. What are the prime factors of c(-11)?
2, 3, 19
Suppose 27 + 3 = 5*d. What are the prime factors of d?
2, 3
Let f = -65 + 80. What are the prime factors of f?
3, 5
Suppose -2*f - 57 + 207 = 0. What are the prime factors of f?
3, 5
Suppose -2*r = 21 - 3. List the prime factors of (0 + -1)*(-40 - r).
31
Suppose r + 2 = 85. List the prime factors of r.
83
Let k = 6 - 0. Let j be 1/(-1 + (-216)/(-213)). List the prime factors of j/k - (-2)/12.
2, 3
Let g be (-106)/(-10) - 3/5. Suppose -3*d - r - 9 = -5*d, d + 5*r - g = 0. Suppose -5*t - 5*s + d = -0*s, -3*s = -3*t + 27. List the prime factors of t.
5
Let x(p) = 2*p**3 - 4*p + 3 + 0*p - 4*p**2 + 0 - p**3. What are the prime factors of x(5)?
2
Let r(l) = -2*l**3 + 2*l**2 - l - 1. Let x be r(-2). Suppose 4*a - x - 67 = 0. What are the prime factors of a?
23
Suppose 0 = -0*x - 5*x - 10. Let k = 7 + x. List the prime factors of k.
5
Let t(q) = -q - 2. Let c be t(-2). Suppose 5*r - 3*n - 52 = -c*n, 0 = -r + 5*n + 6. What are the prime factors of r?
11
Let u(x) = -110*x + 4. What are the prime factors of u(-1)?
2, 3, 19
Let k be (-245 + -3 + 5)/(-1) - 0. Suppose -5*c = -0*c - 10. List the prime factors of c/(-10) - k/(-15).
2
What are the prime factors of 3 - 2 - (0 + -276)?
277
Let a(b) = -b**3 + 2*b**2 + b. Let h be a(-1). Suppose -h*t + 3*t = -1. What are the prime factors of 4*(t - 6/(-4))?
2
Suppose 3*a - 2 - 4 = 0. Let l = -2 - 0. List the prime factors of 11/a*(l + 4).
11
List the prime factors of 15/(1 - 4/10).
5
Suppose 23*w - 28*w + 150 = 0. What are the prime factors of w?
2, 3, 5
Suppose 36 = 4*o - 4*x, 1 + 2 = -o - 2*x. Let v(u) = -u**3 + 4*u**2 + 6*u - 2. List the prime factors of v(o).
3
Let q(v) = -v**2 - 2*v + 4. Let t be q(-4). Let o be (3 + 0)*20/6. List the prime factors of ((-4)/5)/(t/o).
2
Let k(w) = -3*w - 4. Let o be k(-4). Suppose o*r + 24 = 4*r. Let d = 13 + r. List the prime factors of d.
7
Let w = 186 - 128. List the prime factors of w.
2, 29
Let b be 28/21*15/(-2). Let s = b + 21. What are the prime factors of s?
11
Suppose -j - 8 = 3. Let y = -9 - j. What are the prime factors of y?
2
Let n be 2/1 + (1 - -3). Let g be (8/n)/(4/(-12)). Let p(c) = c**2 + 4*c + 5. List the prime factors of p(g).
5
Let x be (-20)/25*(-30)/4. Suppose -n = -x*n + 30. What are the prime factors of n?
2, 3
Let k(u) = u**3 - 5*u**2 - 3*u - 4. Let w = -3 - -9. What are the prime factors of k(w)?
2, 7
Suppose 7*q - 5*q = 4. What are the prime factors of (9 + (3 - 4))*q?
2
Let i(t) = -t**3 + t. Let u(f) = 5*f**3 - 5*f**2 - 2*f + 4. Let p(k) = -4*i(k) - u(k). Let h be 1*1*(-4)/(-1). List the prime factors of p(h).
2
Suppose 3*i - 27 = -9. What are the prime factors of i?
2, 3
Suppose -3*d - 4 = -157. Let o = 105 - d. List the prime factors of o.
2, 3
Let o(c) be the first derivative of -3/2*c**2 + 4 + c. What are t